of 2681637?
3, 7, 277, 461
What are the prime factors of 1528686612?
2, 3, 397, 106961
What are the prime factors of 33617400?
2, 3, 5, 43, 1303
List the prime factors of 46149311.
13, 3549947
What are the prime factors of 490621870?
2, 5, 17, 2886011
List the prime factors of 2864537844.
2, 3, 7, 4871663
What are the prime factors of 162507378?
2, 3, 11, 2462233
What are the prime factors of 1478257012?
2, 23, 149, 107839
What are the prime factors of 3967389268?
2, 1699, 583783
What are the prime factors of 659277110?
2, 5, 65927711
What are the prime factors of 291366280?
2, 5, 43, 169399
List the prime factors of 25455349.
193, 131893
List the prime factors of 96320168.
2, 7, 1720003
List the prime factors of 231965164.
2, 251, 231041
List the prime factors of 91651503.
3, 30550501
List the prime factors of 80447911.
80447911
What are the prime factors of 1938232051?
7, 276890293
List the prime factors of 42893752.
2, 11, 487429
List the prime factors of 81099757.
557, 145601
List the prime factors of 1608607489.
41, 67, 585587
List the prime factors of 466551461.
466551461
What are the prime factors of 3064956457?
37, 89, 930749
List the prime factors of 110667728.
2, 271, 25523
What are the prime factors of 137458165?
5, 13, 2114741
List the prime factors of 101807818.
2, 7, 7271987
List the prime factors of 71008119.
3, 7, 13, 277, 313
What are the prime factors of 17228029?
7, 13, 14563
List the prime factors of 4854264715.
5, 970852943
What are the prime factors of 5010378916?
2, 1252594729
List the prime factors of 287342999.
31, 37, 479, 523
What are the prime factors of 1015046080?
2, 5, 3172019
What are the prime factors of 5797271242?
2, 7, 601, 98429
List the prime factors of 1687189364.
2, 7, 479, 17971
What are the prime factors of 120191081?
120191081
What are the prime factors of 551610603?
3, 19, 3225793
List the prime factors of 25588963.
113, 226451
List the prime factors of 144343717.
7, 20620531
What are the prime factors of 549825450?
2, 3, 5, 67, 54709
List the prime factors of 523337267.
523337267
List the prime factors of 1675703285.
5, 335140657
List the prime factors of 72858515.
5, 17, 89, 9631
What are the prime factors of 9842373?
3, 79, 109, 127
What are the prime factors of 5897460?
2, 3, 5, 227, 433
What are the prime factors of 2481063920?
2, 5, 31, 1000429
List the prime factors of 33767238.
2, 3, 5627873
List the prime factors of 12979717.
19, 683143
List the prime factors of 65119758.
2, 3, 11, 17, 127, 457
List the prime factors of 36562324.
2, 41, 222941
What are the prime factors of 105126277?
105126277
What are the prime factors of 382518097?
13, 157, 187417
What are the prime factors of 85673960?
2, 5, 2141849
What are the prime factors of 6163723270?
2, 5, 193, 3193639
What are the prime factors of 29376384?
2, 3, 113, 677
List the prime factors of 63680796.
2, 3, 199, 2963
What are the prime factors of 1638560420?
2, 5, 7, 181, 64663
List the prime factors of 2275278655.
5, 13, 59, 593293
What are the prime factors of 303069612?
2, 3, 449, 56249
List the prime factors of 1437196929.
3, 7, 23, 107, 27809
List the prime factors of 813231552.
2, 3, 7, 181, 3343
What are the prime factors of 2643756969?
3, 7, 125893189
List the prime factors of 6202788.
2, 3, 59, 8761
List the prime factors of 162839702.
2, 17, 1597, 2999
What are the prime factors of 5461486555?
5, 7, 17, 1289, 7121
List the prime factors of 102227639.
29, 1483, 2377
List the prime factors of 288854360.
2, 5, 97, 109, 683
What are the prime factors of 43830610?
2, 5, 4383061
What are the prime factors of 42610246?
2, 7, 73, 173, 241
List the prime factors of 3634506039.
3, 2081, 582173
List the prime factors of 85209986.
2, 23, 197, 9403
What are the prime factors of 122444614?
2, 41, 157, 9511
What are the prime factors of 127768599?
3, 7, 2028073
What are the prime factors of 323840738?
2, 13, 29, 429497
What are the prime factors of 2379689192?
2, 29, 79, 157, 827
What are the prime factors of 65903721?
3, 13, 1163, 1453
What are the prime factors of 8298167?
163, 50909
List the prime factors of 128209919.
128209919
What are the prime factors of 6059982104?
2, 11, 5521, 12473
What are the prime factors of 5712998600?
2, 5, 619, 46147
What are the prime factors of 767019565?
5, 13, 967, 12203
What are the prime factors of 67098562?
2, 33549281
List the prime factors of 986426708.
2, 41, 43, 3253
List the prime factors of 187041946.
2, 7, 13, 1027703
List the prime factors of 2085170007.
3, 103, 359, 18797
List the prime factors of 4580703079.
1619, 2829341
List the prime factors of 275519943.
3, 30613327
What are the prime factors of 6121021796?
2, 31, 49363079
List the prime factors of 6323249573.
6323249573
What are the prime factors of 4932933?
3, 1644311
What are the prime factors of 412222244?
2, 7, 14722223
What are the prime factors of 7338505?
5, 139, 10559
What are the prime factors of 68679?
3, 13, 587
List the prime factors of 1362404875.
5, 13, 838403
What are the prime factors of 129023317?
129023317
What are the prime factors of 3374201394?
2, 3, 6311, 9901
What are the prime factors of 62768334?
2, 3, 23, 454843
List the prime factors of 168520209.
3, 11, 13, 41, 67
List the prime factors of 56398675.
5, 2255947
What are the prime factors of 33306932?
2, 2099, 3967
What are the prime factors of 600541818?
2, 3, 149, 191, 3517
List the prime factors of 171903155.
5, 29, 281, 4219
List the prime factors of 55487897.
1367, 40591
What are the prime factors of 2236103460?
2, 3, 5, 12422797
List the prime factors of 3285321283.
3285321283
What are the prime factors of 275730915?
3, 5, 18382061
What are the prime factors of 3744116937?
3, 11, 811, 46633
What are the prime factors of 627770112?
2, 3, 817409
List the prime factors of 178281355.
5, 7, 37, 71, 277
List the prime factors of 1549264029.
3, 31, 89, 187177
List the prime factors of 3741900999.
3, 6329, 197077
What are the prime factors of 79250342?
2, 71, 197, 2833
List the prime factors of 405269288.
2, 37, 1369153
What are the prime factors of 141026505?
3, 5, 9401767
List the prime factors of 3555333699.
3, 61, 19428053
What are the prime factors of 616651160?
2, 5, 23, 739, 907
List the prime factors of 77878433.
1811, 43003
List the prime factors of 3944419562.
2, 433, 937, 4861
What are the prime factors of 283082439?
3, 557, 169409
List the prime factors of 5374965.
3, 5, 358331
What are the prime factors of 490117902?
2, 3, 23, 983, 3613
What are the prime factors of 319955652?
2, 3, 8887657
List the prime factors of 14605081.
14605081
What are the prime factors of 74460923?
397, 187559
List the prime factors of 67791100.
2, 5, 13, 52147
What are the prime factors of 171661639?
171661639
List the prime factors of 10346073.
3, 67, 51473
What are the prime factors of 186315503?
11, 16937773
What are the prime factors of 1722399015?
3, 5, 114826601
What are the prime factors of 6629598529?
6629598529
What are the prime factors of 30279168?
2, 3, 6571
List the prime factors of 661509609.
3, 157, 1404479
What are the prime factors of 39516778?
2, 7, 113, 24979
What are the prime factors of 94982350?
2, 5, 1899647
List the prime factors of 392266425.
3, 5, 43, 121633
What are the prime factors of 229122431?
199, 1151369
List the prime factors of 48173935.
5, 149, 64663
List the prime factors of 2302644.
2, 3, 311, 617
What are the prime factors of 84715393?
7, 12102199
What are the prime factors of 161351633?
161351633
What are the prime factors of 64044676?
2, 16011169
What are the prime factors of 276534981?
3, 29, 47, 22543
What are the prime factors of 643159884?
2, 3, 2281, 23497
What are the prime factors of 8276674823?
173, 563, 84977
List the prime factors of 104380463.
11, 23, 412571
List the prime factors of 701577790.
2, 5, 419, 167441
List the prime factors of 132010183.
31, 4258393
What are the prime factors of 2804754?
2, 3, 67, 6977
What are the prime factors of 32850422?
2, 11, 71, 21031
What are the prime factors of 6820667597?
17, 293, 1369337
List the prime factors of 73900100.
2, 5, 37, 19973
List the prime factors of 82345373.
11, 19, 393997
List the prime factors of 1116023425.
5, 11, 19, 167, 1279
What are the prime factors of 51737062